).
4
What is -1 - (1 + 1) - -4?
1
Calculate 0 - (2 + -4 + -3).
5
-8 - (-6 - 8 - -3)
3
Evaluate (-40 - -21 - -24) + (3 - 1).
7
Calculate 4 - (11 - (12 - (0 - -6))).
-1
What is the value of -7 + -2 + 5 - -9?
5
2 + 5 + -8 + 3 + 2
4
Calculate 1 - 7 - (6 + -15 + -3).
6
What is the value of -7 - (7 + -20) - (9 + 3)?
-6
Calculate -23 - -30 - (0 - -2).
5
4 + (-2 + 1 - 0)
3
Evaluate -19 - -9 - -10 - 9.
-9
2 - (-9 + 11) - (-5 + 0)
5
What is the value of -1 + 4 - 3 - -2?
2
Calculate (2 - (3 + -3)) + -3 + 6.
5
Evaluate 61 + -49 - (-1 + 4).
9
Evaluate (-9 - -6) + (2 - 2).
-3
What is -2 + -1 - (0 + -2 + 0)?
-1
What is (1 + -17 - -19) + (-2 - 0)?
1
1 + 2 - (-3 + -4 + 9)
1
What is the value of -61 - -61 - (1 + 1)?
-2
What is 6 - (6 - (6 - 9))?
-3
Calculate 16 + -13 + 5 - 14.
-6
What is the value of -4 + (-9 - (-4 - 9))?
0
Calculate -3 - ((0 - 3 - -1) + 2).
-3
Evaluate (8 - 0) + (-3 - 1).
4
Evaluate -1 - (5 - (-3 - (-9 - 0))).
0
What is -1 - (10 - 6 - 2)?
-3
(-6 - (0 - 0)) + 5
-1
Evaluate 3 + (-5 - (4 - 6)) + -7.
-7
-3 - (-2 + -8 + 0)
7
What is the value of 14 + -19 + 11 + 1?
7
What is the value of (-4 + -1 - -5 - 2) + -3?
-5
Calculate 1 - (2 + -1) - (-810 - -806).
4
What is the value of -4 - (4 - (1 - -3))?
-4
5 - (6 - (-3 - 0))
-4
Evaluate -6 - (-17 + 11 + 0 + 1).
-1
What is the value of 26 - 19 - (-1 + 4)?
4
Evaluate (-3 - -3) + -10 - (4 + -8).
-6
Calculate -7 + -3 + 5 - (-6 + -1).
2
What is (3 - 3) + 2 + (9 - 5)?
6
What is the value of (-12 - -10 - (5 - 1)) + 1?
-5
What is the value of (1 - (1 + 4)) + 1?
-3
What is (-3 + 0 - -2) + (2 - -3)?
4
What is the value of -2 + 4 - (-3 - -2) - 7?
-4
Evaluate 1 + 1 - (0 + 1 - 0).
1
What is the value of -1 - -7 - (2 - (2 - 1))?
5
Evaluate (28 - 20) + (-4 - 1).
3
What is the value of (-9 + 4 - -3) + 4?
2
What is the value of (4 - -5) + (3 - 7)?
5
What is the value of 16 + -10 - (-4 + 3)?
7
Evaluate (5 + 0 - 2) + 1.
4
Evaluate 18 + -14 - (2 + -1 - -3).
0
What is 14 + -11 - ((2 - -1) + 0)?
0
What is the value of 4 + (-13 - 2 - -7)?
-4
3 - (-2 + 8 + 3 + -6)
0
-10 - (-3 + (3 - 5))
-5
What is 1 + (7 - (-2 + 6))?
4
What is -2 + (10 - (-1 - 0))?
9
2 + (0 - ((2 - 3) + 2))
1
What is -1 + -9 - -28 - 12?
6
What is 3 + -5 + 5 - (-13 - -17)?
-1
What is the value of 4 + 4 + -5 - 2 - 2?
-1
Calculate -2 + (-4 - -4 - -2).
0
What is -9 + 11 + -9 - (0 - 3)?
-4
Evaluate 10 + -5 + (-18 - -6) + 7.
0
Calculate -5 + 6 + 1 + 2 - 4.
0
What is 7 - (-4 + -1 + 48 + -37)?
1
What is (2 - 5) + (1 - -3)?
1
Evaluate 9 + -11 - ((-5 - 2) + 0).
5
Calculate (4 - (-3 - -14)) + (1 - -5).
-1
Calculate -3 + 1 + 2 + 0.
0
-3 + 1 - (-5 - (-3 + 1))
1
Calculate 4 - (7 + 0 + 0) - 0.
-3
Calculate (5 - 0 - 16) + (5 - 0).
-6
Evaluate -4 - (-5 - (2 - 3)).
0
What is the value of 4 + (1 - 2 - 2)?
1
-7 + 12 + -1 + (2 - 3)
3
Calculate 9 + (-4 - 1) + -4.
0
Calculate -8 - (5 + -12) - (2 - -1).
-4
What is the value of (0 + -2 - -2) + -3 + 6?
3
What is 108 + -105 + (1 - 8)?
-4
Calculate 1 - (2 + (-6 - -10) + -1).
-4
What is -5 - (4 - 1 - 6)?
-2
Calculate 4 - -1 - (8 + -4).
1
1 - 4 - (28 - 27)
-4
Calculate (-1 - ((-6 - -2) + 3)) + -6.
-6
(-6 - 0 - -9) + (0 - 0)
3
Calculate -6 + 2 - (39 + -47).
4
What is -5 + (14 - 20) - (-6 - 0)?
-5
-9 - -9 - (-3 - (0 - 0))
3
What is -5 + (24 + -14 - (-2 - -1))?
6
3 + (-2 + 3 + -4 - -2)
2
Calculate (-10 - (-5 - -6)) + (8 - 2).
-5
What is 3 + 7 + 3 + -9?
4
-2 + 6 - (10 - 2) - -4
0
What is 8 + (0 - ((0 - -1) + 2))?
5
What is the value of 9 + (0 + -8 - 2)?
-1
What is the value of (-2 + -1 - 1) + -67 + 60?
-11
What is 14 + 0 - (10 + -15 - -12)?
7
Calculate 2 + (-4 - 4) + 1.
-5
What is (-3 - (-5 + 1)) + -3?
-2
Evaluate (-3 - (-10 - -10)) + 7.
4
What is 0 + -3 - (7 - (2 + -1))?
-9
What is the value of -1 - -8 - (13 + 5 - 18)?
7
What is the value of (-5 - 0) + -7 + 12 + 10?
10
Evaluate -6 + (1 - 0 - 0).
-5
2 + (-1 - (-3 + 5 - 3))
2
Evaluate -1 - (2 + -2 - -4).
-5
Calculate 6 - 4 - (11 - 14).
5
What is the value of (2 - -3) + 2 + -6 + -6?
-5
What is 4 - (-6 + 3 + 0 - -2)?
5
Evaluate 7 - (-1 + 4 - 9 - -8).
5
What is the value of (4 - 4) + (1 - 2) + 0?
-1
What is the value of -14 + 7 + 2 - 2?
-7
What is the value of -3 - 0 - (32 - 37)?
2
-38 + 33 + (12 - -2)
9
4 - ((-1 - 3) + (-3 - -11))
0
What is the value of -5 + (-5 + -1 + 3 - -5)?
-3
Evaluate 0 - (1 + -4 + 1) - 5.
-3
What is the value of 8 - (-5 + (-10 - -3) + 12)?
8
What is the value of 1 + 0 + -2 + (8 - 8)?
-1
Evaluate -1 - -1 - (5 + -7).
2
Calculate 10 + -4 + (2 - 1 - 2).
5
What is the value of 8 + (0 - 7 - -1)?
2
3 + 3 + -8 + (1 - 1)
-2
2 + 9 + -23 + 15
3
What is the value of -1 + 7 - (6 + -6 + 2)?
4
What is the value of -1 - (3 + -2 + 2 + -6)?
2
What is -7 + (-4 - 2) + (-7 - -14)?
-6
What is the value of (12 - 2) + 31 + -35?
6
Calculate -1 + -3 + (25 - 15) - 1.
5
What is the value of 4 - (5 + (2 - 2) + -2)?
1
What is 0 + (0 - (-4 - -1))?
3
1 + 9 + (103 - 116)
-3
What is the value of (11 - 16) + (-1 - 0)?
-6
What is the value of (-6 - 5) + 3 - -7?
-1
What is the value of 0 + (-6 - (-5 + -3))?
2
(17 - (1 - -7)) + -8 + 3
4
What is the value of 1 - (-2 + 1 + -5 + 7)?
0
Calculate -5 + 2 + 1 + 3.
1
Calculate 3 + -6 - (-3 - (2 - 5)).
-3
What is the value of -5 + 13 - (-3 - -7)?
4
What is the value of 3 + -5 + (5 - 3)?
0
Evaluate -14 - -30 - (4 - (-4 - -1)).
9
Evaluate -4 + -1 - (0 - 1).
-4
What is the value of (-12 + 1 - -8) + -4?
-7
10 - 12 - (2 + 1)
-5
Evaluate (2 - -2) + (4 - 11).
-3
What is the value of -7 - -8 - 4 - -12?
9
Calculate (6 - 15) + 2 + 5.
-2
Calculate (2 - (-2 + 1)) + (18 - 26).
-5
12 + -15 + (3 - (1 + -2))
1
Calculate 3 + 0 + 3 + -5.
1
What is the value of -2 + -2 - (-5 - 3) - 6?
-2
Calculate -3 - (2 - 0 - 5).
0
What is 0 - (4 - (8 + -10))?
-6
Calculate (-1 - (5 - (6 + 5))) + -1.
4
What is the value of 1 + -2 + (-5 - -2)?
-4
-8 - ((9 - 17) + 0)
0
Evaluate (-23 - -22) + 0 + 1.
0
-6 - (-10 + 0 + 9)
-5
What is 3 + (-2 - ((-4 - -7) + 0))?
-2
Calculate (-74 - -75) + 3 + -2 + 1.
3
(1 - 15 - (9 + -16)) + 0
-7
Evaluate (2 - 0) + (2 - 3).
1
Evaluate 5 - (-23 + 20 + 2 + 5).
1
What is 3 - (2 + 1 + 3)?
-3
Evaluate -1 + (0 + 1 - (-21 - -16)).
5
What is the value of -5 - (0 - 6) - (-1 + -1)?
3
Calculate 0 + (4 - -2) - 3 - -3.
6
Evaluate 3 + (3 - (-1 + (-3 - -4))).
6
Evaluate -9 - (0 + 2 - 9).
-2
Calculate 6 - (3 - -4 - 3).
2
Calculate 13 - 3 - (-1 + 5) - 4.
2
Calculate 1 + -3 - (1 - 1).
-2
Calculate 13 + -3 + 0 + -1 + -4.
5
What is 1 + 0 - (-5 + 5)?
1
What is -7 - (-8 + 3 - 2)?
0
What is the value of -4 + 0 + 3 + 0 - 3?
-4
Evaluate 0 - ((-5 - -3) + 4).
-2
Calculate -7 + (7 - 5) - -13.
8
Calculate -18 + 24 - (1 + 1).
4
Calculate -8 + -2 + 6 + 9 + -2.
3
Calculate -2 + -2 + -4 - (-4 - -1).
-5
8 + (-3 - 3) + -4 + -1
-3
Evaluate 0 + (2 + 0 - 4).
-2
-12 + -54 + 61 + (-6 - -1)
-10
What is -2 + 3 + 0 + 2?
3
1 + -3 + 2 - 7
-7
What is the value of (0 - -2 - (4 - 2)) + -5?
-5
What is (3 - 1 - 0) + (-12 - -10)?
0
Calculate 4 + -4 + (6 - 10 - -3).
-1
(9 - (-2 - -6)) + 1 + -9
-3
(-5 - -9) + -9 + 5
0
What is -1 + 3 - (-45 + 52)?
-5
-13 + 1 - -1 - (0 + -5)
-6
Calculate 6 - (-2 + (4 - (3 - 6))).
1
Calculate 4 + 2 + -4 + 1.
3
(-1 - (-4 + 1)) + -27 + 26
1
What is -5 - (-8 + -5 + 11)?
-3
Evaluate 6 + -14 + 13 + -4.
1
Calculate 22 + -12 - ((8 - 3) + -1).
6
Calculate (0 - 1) + (-7 - 1) + 5.
-4
What is the value of -5 + 4 + 9 - 0?
8
What is 2 + (0 - 3) - -4?
3
What is -4 - (2 + (2 - 11) + 4)?
-1
-15 + (-2 - -12) + (3 - -1)
-1
Evaluate (2 - (3 + -6)) + -3.
2
5 + (-8 - 1 - 0)
-4
What is 2 - (3 + 1) - -1?
-1
Evaluate 4 + (-1 - ((-3 - -8) + -4)).
2
Calculate 0 - (8 - 1) - -9.
2
What is the value of 3 + 1 + 44 + -44 + 2?
6
1 + 2 - (5 + 1)
-3
Evaluate 8 - 15 - (-1 - 1).
-5
(-6 + -4 + 10 - -13) + -7
6
What is -3 - -1 - 0 - 0?
-2
0 + (1 - 7) + 3
-3
Evaluate 16 + -13 + 3 - (5 + -2).
3
What is 9 + -1 + -1 + -4?
3
What is the value of 9 + (-2 - -3) + -4?
6
Evaluate 3 + (3 - (-6 + 8)) + 1.
5
Calculate (3 + 1 - 6) + 1 + 1.
0
Evaluate (-3 + 8 - 6) + -6.
-7
5 + 0 + -1 + 0 - 1
3
Calculate (0 + 4 - 8) + 7.
3
What is the value of (-6 - 0) + (47 - 35)?
6
What is (-1 - (-3 - 1)) + 1 + -2?
2
21 - 9 - 8 - (-1 - 1)
6
Evaluate -8 + (-3 - -6) + 17 + -16.
-4
What is 2 - ((5 - 4) + 1 - -1)?
-1
What is the value of -5 - (-3 + 2 - 7)?
3
-4 + -2 + 1 + (-1 - -2)
-4
What is the value of (11 - 1 - 16) + 15?
9
What is 0 + -6 + 3 + 1 + 0?
-2
What is -